320312312
313212131 (base 4) to base 12
ab965
-4263312 (base 8) to base 9
-2127330
What is 1023311001 (base 4) in base 9?
523043
What is 2ae0a (base 16) in base 7?
1331013
-24205 (base 6) to base 3
-11211212
Convert 462641 (base 8) to base 6.
3211133
-2858355 (base 9) to base 15
-21166e
What is 110012221110 (base 3) in base 10?
240528
Convert -6192a (base 14) to base 8.
-713042
What is 154443001 (base 6) in base 9?
6183601
112201131013 (base 4) to base 8
26413507
What is 1212013031 (base 5) in base 6?
140550114
Convert 346788 (base 9) to base 16.
32e1c
What is 234021023 (base 5) in base 12?
440875
6199a (base 13) to base 15
36dab
12c6b5 (base 16) to base 7
13313341
1281847 (base 9) to base 14
144503
What is -209421 (base 10) in base 2?
-110011001000001101
What is 78a163 (base 15) in base 7?
66625350
What is 1cbbb (base 13) in base 14?
16a70
Convert 70414 (base 10) to base 16.
1130e
Convert -147252 (base 9) to base 4.
-112013231
What is -4030200 (base 5) in base 6?
-1214133
-bbe58 (base 15) to base 2
-10010001110011110001
-108507 (base 12) to base 5
-31412013
What is 3614555 (base 7) in base 2?
1101111110001110111
4310342123 (base 5) to base 10
9074663
569754 (base 10) to base 7
4562043
1101010101001001101000 (base 2) to base 8
15251150
What is 216615 (base 8) in base 3?
10201021110
-4b978 (base 13) to base 11
-96231
38640 (base 12) to base 11
5289a
Convert 1010212112 (base 3) to base 16.
57e9
What is 73729 (base 10) in base 4?
102000001
What is 11101101111010001111010 (base 2) in base 3?
112200001212121
Convert 9222b (base 14) to base 5.
42223123
What is -a2ab01 (base 13) in base 15?
-4ee1a7
Convert 421200213 (base 5) to base 14.
334507
What is -b9179 (base 15) in base 14?
-1141c9
What is -110110031 (base 4) in base 5?
-10130323
-185393 (base 11) to base 9
-474318
-2a871 (base 14) to base 11
-72659
What is -1012103230 (base 4) in base 6?
-10101124
Convert 17e27 (base 15) to base 4.
102321331
Convert 12011066 (base 7) to base 11.
665691
Convert 10010313300 (base 4) to base 10.
1068528
Convert -1072916 (base 12) to base 16.
-2fd9a2
What is 3312322 (base 4) in base 8?
36672
-100331112 (base 5) to base 7
-3263051
What is -461030 (base 7) in base 10?
-81998
What is 165617 (base 9) in base 11?
70069
115133 (base 7) to base 4
11020010
What is -3072e3 (base 16) in base 6?
-152015415
Convert 1432011 (base 5) to base 6.
352024
-1001100000111011 (base 2) to base 8
-114073
Convert 3230337 (base 9) to base 14.
331497
-39074 (base 13) to base 2
-11001110001001111
Convert -10111001001100100 (base 2) to base 14.
-267ac
Convert 21221320001 (base 4) to base 9.
4676558
ac2cc3 (base 14) to base 3
102000001220120
-33315264 (base 7) to base 6
-141405133
What is -16126163 (base 7) in base 13?
-424c6a
What is -bba8de (base 15) in base 14?
-128c18b
What is 3771510 (base 9) in base 12?
831100
Convert 371122 (base 13) to base 6.
44113304
Convert -3223 (base 12) to base 3.
-21112200
Convert 757774 (base 8) to base 12.
102b64
-111111110011101 (base 2) to base 4
-13332131
10010000111011110010 (base 2) to base 6
20420214
Convert -130201114 (base 5) to base 11.
-3a1429
Convert -541060 (base 8) to base 6.
-3512544
Convert -1021330220 (base 4) to base 16.
-49f28
What is -1001000010011111111010 (base 2) in base 3?
-11110101101101
What is 155aa (base 12) in base 6?
351534
What is 41677 (base 14) in base 9?
260270
Convert -74980 (base 16) to base 11.
-2a6893
What is -31312021200 (base 4) in base 7?
-42565053
-51611 (base 7) to base 3
-122100112
-125363 (base 11) to base 15
-3d765
Convert 303aa9 (base 11) to base 3.
220211001200
Convert 30032312123 (base 4) to base 12.
10a778b
-2102355 (base 6) to base 12
-4a9bb
What is 202111120122 (base 3) in base 7?
3300362
-402a0 (base 11) to base 4
-32120210
What is -1771322 (base 8) in base 7?
-4266462
e1137 (base 16) to base 14
19dd8b
-145507 (base 12) to base 13
-bc37a
Convert -82914 (base 11) to base 2.
-11101100000111110
Convert 353143 (base 7) to base 9.
106134
-55c259 (base 15) to base 16
-3e6c9a
What is 65041 (base 8) in base 9?
41237
What is -3660460 (base 7) in base 3?
-212210120101
What is -1756952 (base 13) in base 3?
-112021021111222
Convert 22a955b (base 12) to base 13.
150476c
What is 13073102 (base 9) in base 12?
219a555
What is 6230 (base 7) in base 6?
14025
Convert -2012222112121 (base 3) to base 5.
-300240040
Convert 61295 (base 14) to base 11.
14a6a2
Convert 2211201221 (base 3) to base 2.
1101101010000110
Convert 757041 (base 8) to base 10.
253473
What is -121743 (base 8) in base 2?
-1010001111100011
What is 21005153 (base 6) in base 14?
11b657
23244425 (base 6) to base 11
453171
-49cd5 (base 14) to base 12
-8882b
232540564 (base 7) to base 14
1c9016b
-20221220121 (base 3) to base 11
-93a14
Convert -83add9 (base 16) to base 2.
-100000111010110111011001
Convert 1677635 (base 9) to base 12.
3924ab
405811 (base 14) to base 10
2166599
2204c (base 14) to base 6
1433232
What is 235651 (base 8) in base 3?
11002211221
What is 2863006 (base 10) in base 8?
12727636
What is -c01aa (base 13) in base 2?
-1010011110000000001
What is 1000010000101110100 (base 2) in base 13?
962a9
Convert c40d6 (base 15) to base 14.
122557
-221b467 (base 12) to base 4
-120311113033
Convert -20100221102 (base 3) to base 4.
-132212201
What is 1335200 (base 7) in base 5?
21131321
19ade3 (base 15) to base 11
785620
Convert 100001011100101001000111 (base 2) to base 13.
1a7cc10
What is 229ea (base 15) in base 3?
12121020011
-753bd (base 14) to base 3
-112101201211
What is -4e2a (base 15) in base 6?
-205134
What is 220222210212221 (base 3) in base 11?
7552206
Convert -264a8a (base 13) to base 16.
-e1b80
What is -8697d (base 15) in base 5?
-102134033
852 (base 12) to base 9
1588
Convert 3680b5 (base 16) to base 8.
15500265
-33355413 (base 6) to base 8
-3666201
Convert -470b0 (base 16) to base 9.
-483144
What is -7dc8c4 (base 16) in base 10?
-8243396
What is -1b33e (base 15) in base 6?
-1521352
What is 393279 (base 11) in base 4?
2113023223
Convert -3240311 (base 5) to base 9.
-84365
What is 372eee (base 15) in base 14?
4cb0ac
Convert -510023 (base 11) to base 13.
-22927b
Convert -2701705 (base 9) to base 3.
-2210001210012
aa1691 (base 15) to base 7
125614222
What is 106504 (base 8) in base 13?
135cb
Convert -306269 (base 15) to base 14.
-43bb2c
What is 202203 (base 6) in base 12?
9363
Convert 157650a (base 13) to base 4.
122103321112
-2440707 (base 8) to base 7
-5466523
What is -212212221111 (base 3) in base 13?
-136006
Convert -90806 (base 14) to base 13.
-c211a
What is 1352242 (base 7) in base 16?
2c299
Convert 1005502034 (base 6) to base 12.
357191a
Convert -4012 (base 6) to base 8.
-1550
Convert -12000020100210 (base 3) to base 12.
-a84503
What is -68daa (base 14) in base 6?
-5245122
What is -160525 (base 10) in base 2?
-100111001100001101
11001110011001001 (base 2) to base 10
105673
What is -2222020222101 (base 3) in base 4?
-12001223032
-30122 (base 14) to base 4
-130030102
Convert 29988 (base 12) to base 15.
1249e
What is -37107 (base 12) in base 2?
-10010001011010111
What is 234b03 (base 12) in base 7?
4555026
What is 2727047 (base 8) in base 7?
6335501
Convert -1011111010111000011 (base 2) to base 5.
-44444340
22110100111 (base 3) to base 15
344cd
What is 17e5063 (base 15) in base 14?
245aa88
3485234 (base 9) to base 5
440334340
-20011001021 (base 3) to base 13
-43135
22331312 (base 4) to base 8
127566
Convert -d055c (base 14) to base 13.
-146a49
Convert 134350452 (base 7) to base 4.
201130302231
361b43 (base 14) to base 6
103343503
-511994 (base 15) to base 3
-21020202101011
What is 161224 (base 13) in base 14?
1029a8
What is -200212100 (base 3) in base 13?
-634b
Convert -251d4 (base 15) to base 11.
-81082
-100101011000101010 (base 2) to base 12
-7474a
c5926 (base 15) to base 10
626436
-f2cae (base 16) to base 10
-994478
What is 1145500 (base 6) in base 5?
3422001
Convert -10125103 (base 6) to base 5.
-33311143
What is 62195 (base 14) in base 4?
321230113
What is 627735 (base 8) in base 11?
132a14
-13608 (base 15) to base 3
-10011012022
-14614225 (base 7) to base 4
-11111201113
What is -b48782 (base 13) in base 7?
-50563300
-9ac0e (base 16) to base 2
-10011010110000001110
Convert -4c29b4 (base 13) to base 7.
-21405561
What is -1447360 (base 10) in 